{"id":7743,"date":"2026-04-15T10:17:26","date_gmt":"2026-04-15T13:17:26","guid":{"rendered":"https:\/\/artica.capital\/?post_type=pilulas&#038;p=7743"},"modified":"2026-04-15T10:17:33","modified_gmt":"2026-04-15T13:17:33","slug":"panorama-do-setor-de-saude-suplementar-no-brasil","status":"publish","type":"pilulas","link":"https:\/\/artica.capital\/en\/clairfield-pilulas\/panorama-do-setor-de-saude-suplementar-no-brasil\/","title":{"rendered":"Panorama do setor de sa\u00fade suplementar no Brasil"},"content":{"rendered":"<p>O mercado de sa\u00fade suplementar no Brasil apresenta uma clara oportunidade de expans\u00e3o baseada em seus fundamentos macroecon\u00f4micos. Hoje, o pa\u00eds \u00e9 o 8\u00ba maior mercado de sa\u00fade do mundo em volume de gastos, mas ocupa a 65\u00aa posi\u00e7\u00e3o em termos per capita.<\/p>\n\n\n\n<p>A demanda por servi\u00e7os privados \u00e9 expressiva: ter um plano de sa\u00fade \u00e9 o 3\u00ba maior desejo da popula\u00e7\u00e3o, e 94% dos que dependem exclusivamente do sistema p\u00fablico gostariam de ter cobertura. O setor privado, inclusive, j\u00e1 responde por 55% de todas as despesas de sa\u00fade no pa\u00eds.<\/p>\n\n\n\n<p>Historicamente, o principal desafio para absorver esse p\u00fablico tem sido a limita\u00e7\u00e3o da renda frente aos custos do modelo tradicional. Para destravar o acesso e rentabilizar essa demanda, a estrat\u00e9gia das operadoras tem se voltado para o desenho de produtos com forte controle de custos, atrav\u00e9s de modelos de planos mais regionais, com maior relev\u00e2ncia de coparticipa\u00e7\u00e3o e leitos compartilhados.<\/p>\n\n\n\n<p>O crescimento da sa\u00fade no Brasil passa cada vez mais pela capacidade operacional de criar produtos acess\u00edveis, mantendo o controle rigoroso da sinistralidade.<\/p>\n\n\n\n<figure class=\"wp-block-image size-full\"><img loading=\"lazy\" decoding=\"async\" width=\"1024\" height=\"576\" src=\"https:\/\/artica.capital\/wp-content\/uploads\/2026\/04\/saude1.png\" alt=\"-\" class=\"wp-image-7731\" srcset=\"https:\/\/artica.capital\/wp-content\/uploads\/2026\/04\/saude1.png 1024w, https:\/\/artica.capital\/wp-content\/uploads\/2026\/04\/saude1-300x169.png 300w, https:\/\/artica.capital\/wp-content\/uploads\/2026\/04\/saude1-768x432.png 768w, https:\/\/artica.capital\/wp-content\/uploads\/2026\/04\/saude1-18x10.png 18w\" sizes=\"auto, (max-width: 1024px) 100vw, 1024px\" \/><\/figure>\n\n\n\n<figure class=\"wp-block-image size-full\"><img loading=\"lazy\" decoding=\"async\" width=\"1024\" height=\"576\" src=\"https:\/\/artica.capital\/wp-content\/uploads\/2026\/04\/saude2.png\" alt=\"-\" class=\"wp-image-7732\" srcset=\"https:\/\/artica.capital\/wp-content\/uploads\/2026\/04\/saude2.png 1024w, https:\/\/artica.capital\/wp-content\/uploads\/2026\/04\/saude2-300x169.png 300w, https:\/\/artica.capital\/wp-content\/uploads\/2026\/04\/saude2-768x432.png 768w, https:\/\/artica.capital\/wp-content\/uploads\/2026\/04\/saude2-18x10.png 18w\" sizes=\"auto, (max-width: 1024px) 100vw, 1024px\" \/><\/figure>\n\n\n\n<figure class=\"wp-block-image size-full\"><img loading=\"lazy\" decoding=\"async\" width=\"1024\" height=\"576\" src=\"https:\/\/artica.capital\/wp-content\/uploads\/2026\/04\/saude3.png\" alt=\"-\" class=\"wp-image-7733\" srcset=\"https:\/\/artica.capital\/wp-content\/uploads\/2026\/04\/saude3.png 1024w, https:\/\/artica.capital\/wp-content\/uploads\/2026\/04\/saude3-300x169.png 300w, https:\/\/artica.capital\/wp-content\/uploads\/2026\/04\/saude3-768x432.png 768w, https:\/\/artica.capital\/wp-content\/uploads\/2026\/04\/saude3-18x10.png 18w\" sizes=\"auto, (max-width: 1024px) 100vw, 1024px\" \/><\/figure>\n\n\n\n<figure class=\"wp-block-image size-full\"><img loading=\"lazy\" decoding=\"async\" width=\"1024\" height=\"576\" src=\"https:\/\/artica.capital\/wp-content\/uploads\/2026\/04\/saude4.png\" alt=\"-\" class=\"wp-image-7734\" srcset=\"https:\/\/artica.capital\/wp-content\/uploads\/2026\/04\/saude4.png 1024w, https:\/\/artica.capital\/wp-content\/uploads\/2026\/04\/saude4-300x169.png 300w, https:\/\/artica.capital\/wp-content\/uploads\/2026\/04\/saude4-768x432.png 768w, https:\/\/artica.capital\/wp-content\/uploads\/2026\/04\/saude4-18x10.png 18w\" sizes=\"auto, (max-width: 1024px) 100vw, 1024px\" \/><\/figure>\n\n\n\n<figure class=\"wp-block-image size-full\"><img loading=\"lazy\" decoding=\"async\" width=\"1024\" height=\"576\" src=\"https:\/\/artica.capital\/wp-content\/uploads\/2026\/04\/saude5.png\" alt=\"-\" class=\"wp-image-7735\" srcset=\"https:\/\/artica.capital\/wp-content\/uploads\/2026\/04\/saude5.png 1024w, https:\/\/artica.capital\/wp-content\/uploads\/2026\/04\/saude5-300x169.png 300w, https:\/\/artica.capital\/wp-content\/uploads\/2026\/04\/saude5-768x432.png 768w, https:\/\/artica.capital\/wp-content\/uploads\/2026\/04\/saude5-18x10.png 18w\" sizes=\"auto, (max-width: 1024px) 100vw, 1024px\" \/><\/figure>","protected":false},"excerpt":{"rendered":"<p>O mercado de sa\u00fade suplementar no Brasil apresenta uma clara oportunidade de expans\u00e3o baseada em seus fundamentos macroecon\u00f4micos. Hoje, o pa\u00eds \u00e9 o 8\u00ba maior mercado de sa\u00fade do mundo em volume de gastos, mas ocupa a 65\u00aa posi\u00e7\u00e3o em termos per capita. A demanda por servi\u00e7os privados \u00e9 expressiva: ter um plano de sa\u00fade [&hellip;]<\/p>","protected":false},"author":4,"featured_media":7744,"template":"","meta":[],"class_list":["post-7743","pilulas","type-pilulas","status-publish","has-post-thumbnail","hentry"],"_links":{"self":[{"href":"https:\/\/artica.capital\/en\/wp-json\/wp\/v2\/pilulas\/7743","targetHints":{"allow":["GET"]}}],"collection":[{"href":"https:\/\/artica.capital\/en\/wp-json\/wp\/v2\/pilulas"}],"about":[{"href":"https:\/\/artica.capital\/en\/wp-json\/wp\/v2\/types\/pilulas"}],"author":[{"embeddable":true,"href":"https:\/\/artica.capital\/en\/wp-json\/wp\/v2\/users\/4"}],"wp:featuredmedia":[{"embeddable":true,"href":"https:\/\/artica.capital\/en\/wp-json\/wp\/v2\/media\/7744"}],"wp:attachment":[{"href":"https:\/\/artica.capital\/en\/wp-json\/wp\/v2\/media?parent=7743"}],"curies":[{"name":"wp","href":"https:\/\/api.w.org\/{rel}","templated":true}]}}

Panorama do setor de saúde suplementar no Brasil

<p>O mercado de saúde suplementar no Brasil apresenta uma clara oportunidade de expansão baseada em seus fundamentos macroeconômicos. Hoje, o país é o 8º maior mercado de saúde do mundo em volume de gastos, mas ocupa a 65ª posição em termos per capita.</p>



<p>A demanda por serviços privados é expressiva: ter um plano de saúde é o 3º maior desejo da população, e 94% dos que dependem exclusivamente do sistema público gostariam de ter cobertura. O setor privado, inclusive, já responde por 55% de todas as despesas de saúde no país.</p>



<p>Historicamente, o principal desafio para absorver esse público tem sido a limitação da renda frente aos custos do modelo tradicional. Para destravar o acesso e rentabilizar essa demanda, a estratégia das operadoras tem se voltado para o desenho de produtos com forte controle de custos, através de modelos de planos mais regionais, com maior relevância de coparticipação e leitos compartilhados.</p>



<p>O crescimento da saúde no Brasil passa cada vez mais pela capacidade operacional de criar produtos acessíveis, mantendo o controle rigoroso da sinistralidade.</p>



<figure class="wp-block-image size-full"><img loading="lazy" decoding="async" width="1024" height="576" src="https://artica.capital/wp-content/uploads/2026/04/saude1.png" alt="-" class="wp-image-7731" srcset="https://artica.capital/wp-content/uploads/2026/04/saude1.png 1024w, https://artica.capital/wp-content/uploads/2026/04/saude1-300x169.png 300w, https://artica.capital/wp-content/uploads/2026/04/saude1-768x432.png 768w, https://artica.capital/wp-content/uploads/2026/04/saude1-18x10.png 18w" sizes="auto, (max-width: 1024px) 100vw, 1024px" /></figure>



<figure class="wp-block-image size-full"><img loading="lazy" decoding="async" width="1024" height="576" src="https://artica.capital/wp-content/uploads/2026/04/saude2.png" alt="-" class="wp-image-7732" srcset="https://artica.capital/wp-content/uploads/2026/04/saude2.png 1024w, https://artica.capital/wp-content/uploads/2026/04/saude2-300x169.png 300w, https://artica.capital/wp-content/uploads/2026/04/saude2-768x432.png 768w, https://artica.capital/wp-content/uploads/2026/04/saude2-18x10.png 18w" sizes="auto, (max-width: 1024px) 100vw, 1024px" /></figure>



<figure class="wp-block-image size-full"><img loading="lazy" decoding="async" width="1024" height="576" src="https://artica.capital/wp-content/uploads/2026/04/saude3.png" alt="-" class="wp-image-7733" srcset="https://artica.capital/wp-content/uploads/2026/04/saude3.png 1024w, https://artica.capital/wp-content/uploads/2026/04/saude3-300x169.png 300w, https://artica.capital/wp-content/uploads/2026/04/saude3-768x432.png 768w, https://artica.capital/wp-content/uploads/2026/04/saude3-18x10.png 18w" sizes="auto, (max-width: 1024px) 100vw, 1024px" /></figure>



<figure class="wp-block-image size-full"><img loading="lazy" decoding="async" width="1024" height="576" src="https://artica.capital/wp-content/uploads/2026/04/saude4.png" alt="-" class="wp-image-7734" srcset="https://artica.capital/wp-content/uploads/2026/04/saude4.png 1024w, https://artica.capital/wp-content/uploads/2026/04/saude4-300x169.png 300w, https://artica.capital/wp-content/uploads/2026/04/saude4-768x432.png 768w, https://artica.capital/wp-content/uploads/2026/04/saude4-18x10.png 18w" sizes="auto, (max-width: 1024px) 100vw, 1024px" /></figure>



<figure class="wp-block-image size-full"><img loading="lazy" decoding="async" width="1024" height="576" src="https://artica.capital/wp-content/uploads/2026/04/saude5.png" alt="-" class="wp-image-7735" srcset="https://artica.capital/wp-content/uploads/2026/04/saude5.png 1024w, https://artica.capital/wp-content/uploads/2026/04/saude5-300x169.png 300w, https://artica.capital/wp-content/uploads/2026/04/saude5-768x432.png 768w, https://artica.capital/wp-content/uploads/2026/04/saude5-18x10.png 18w" sizes="auto, (max-width: 1024px) 100vw, 1024px" /></figure>

<p>O mercado de saúde suplementar no Brasil apresenta uma clara oportunidade de expansão baseada em seus fundamentos macroeconômicos. Hoje, o país é o 8º maior mercado de saúde do mundo em volume de gastos, mas ocupa a 65ª posição em termos per capita. A demanda por serviços privados é expressiva: ter um plano de saúde [&hellip;]</p>
