{"id":7740,"date":"2026-04-15T10:12:30","date_gmt":"2026-04-15T13:12:30","guid":{"rendered":"https:\/\/artica.capital\/?post_type=pilulas&#038;p=7740"},"modified":"2026-04-15T10:12:40","modified_gmt":"2026-04-15T13:12:40","slug":"os-mas-por-tras-da-curva-como-musk-transformou-liquidez-em-plataforma-e-plataforma-em-ecossistema","status":"publish","type":"pilulas","link":"https:\/\/artica.capital\/en\/clairfield-pilulas\/os-mas-por-tras-da-curva-como-musk-transformou-liquidez-em-plataforma-e-plataforma-em-ecossistema\/","title":{"rendered":"Os M&amp;As por tr\u00e1s da curva: Como Musk transformou liquidez em plataforma, e plataforma em ecossistema"},"content":{"rendered":"<p>Quando observamos a trajet\u00f3ria patrimonial de Elon Musk, o que mais chama aten\u00e7\u00e3o, al\u00e9m do tamanho, \u00e9 o ritmo. Ao inv\u00e9s de uma curva cont\u00ednua, a hist\u00f3ria \u00e9 marcada por saltos, em que um evento relevante abre espa\u00e7o para a pr\u00f3xima fase de constru\u00e7\u00e3o.<\/p>\n\n\n\n<p>Em v\u00e1rios desses momentos, M&amp;As e combina\u00e7\u00f5es corporativas aparecem como pe\u00e7a de transi\u00e7\u00e3o: a venda que gera liquidez, a aquisi\u00e7\u00e3o que adiciona capacidade e\/ou a consolida\u00e7\u00e3o que reorganiza ativos para sustentar um novo ciclo.<\/p>\n\n\n\n<p>Do primeiro \u201ccash-out\u201d com a Zip2, passando pela sa\u00edda do PayPal, at\u00e9 as movimenta\u00e7\u00f5es mais recentes envolvendo X e xAI, podemos enxergar um padr\u00e3o de capital que se recicla e escala junto com a ambi\u00e7\u00e3o de Musk.<\/p>\n\n\n\n<p>Na p\u00edlula de hoje, conectamos dois pontos que normalmente s\u00e3o vistos separados: a evolu\u00e7\u00e3o patrimonial do Musk, e os M&amp;As que marcaram cada fase dessa constru\u00e7\u00e3o.<\/p>\n\n\n\n<figure class=\"wp-block-image size-full\"><img loading=\"lazy\" decoding=\"async\" width=\"1024\" height=\"576\" src=\"https:\/\/artica.capital\/wp-content\/uploads\/2026\/04\/musk1.png\" alt=\"-\" class=\"wp-image-7713\" srcset=\"https:\/\/artica.capital\/wp-content\/uploads\/2026\/04\/musk1.png 1024w, https:\/\/artica.capital\/wp-content\/uploads\/2026\/04\/musk1-300x169.png 300w, https:\/\/artica.capital\/wp-content\/uploads\/2026\/04\/musk1-768x432.png 768w, https:\/\/artica.capital\/wp-content\/uploads\/2026\/04\/musk1-18x10.png 18w\" sizes=\"auto, (max-width: 1024px) 100vw, 1024px\" \/><\/figure>\n\n\n\n<figure class=\"wp-block-image size-full\"><img loading=\"lazy\" decoding=\"async\" width=\"1024\" height=\"576\" src=\"https:\/\/artica.capital\/wp-content\/uploads\/2026\/04\/musk2.png\" alt=\"-\" class=\"wp-image-7714\" srcset=\"https:\/\/artica.capital\/wp-content\/uploads\/2026\/04\/musk2.png 1024w, https:\/\/artica.capital\/wp-content\/uploads\/2026\/04\/musk2-300x169.png 300w, https:\/\/artica.capital\/wp-content\/uploads\/2026\/04\/musk2-768x432.png 768w, https:\/\/artica.capital\/wp-content\/uploads\/2026\/04\/musk2-18x10.png 18w\" sizes=\"auto, (max-width: 1024px) 100vw, 1024px\" \/><\/figure>","protected":false},"excerpt":{"rendered":"<p>Quando observamos a trajet\u00f3ria patrimonial de Elon Musk, o que mais chama aten\u00e7\u00e3o, al\u00e9m do tamanho, \u00e9 o ritmo. Ao inv\u00e9s de uma curva cont\u00ednua, a hist\u00f3ria \u00e9 marcada por saltos, em que um evento relevante abre espa\u00e7o para a pr\u00f3xima fase de constru\u00e7\u00e3o. Em v\u00e1rios desses momentos, M&amp;As e combina\u00e7\u00f5es corporativas aparecem como pe\u00e7a [&hellip;]<\/p>","protected":false},"author":4,"featured_media":7741,"template":"","meta":[],"class_list":["post-7740","pilulas","type-pilulas","status-publish","has-post-thumbnail","hentry"],"_links":{"self":[{"href":"https:\/\/artica.capital\/en\/wp-json\/wp\/v2\/pilulas\/7740","targetHints":{"allow":["GET"]}}],"collection":[{"href":"https:\/\/artica.capital\/en\/wp-json\/wp\/v2\/pilulas"}],"about":[{"href":"https:\/\/artica.capital\/en\/wp-json\/wp\/v2\/types\/pilulas"}],"author":[{"embeddable":true,"href":"https:\/\/artica.capital\/en\/wp-json\/wp\/v2\/users\/4"}],"wp:featuredmedia":[{"embeddable":true,"href":"https:\/\/artica.capital\/en\/wp-json\/wp\/v2\/media\/7741"}],"wp:attachment":[{"href":"https:\/\/artica.capital\/en\/wp-json\/wp\/v2\/media?parent=7740"}],"curies":[{"name":"wp","href":"https:\/\/api.w.org\/{rel}","templated":true}]}}

Os M&amp;As por trás da curva: Como Musk transformou liquidez em plataforma, e plataforma em ecossistema

<p>Quando observamos a trajetória patrimonial de Elon Musk, o que mais chama atenção, além do tamanho, é o ritmo. Ao invés de uma curva contínua, a história é marcada por saltos, em que um evento relevante abre espaço para a próxima fase de construção.</p>



<p>Em vários desses momentos, M&amp;As e combinações corporativas aparecem como peça de transição: a venda que gera liquidez, a aquisição que adiciona capacidade e/ou a consolidação que reorganiza ativos para sustentar um novo ciclo.</p>



<p>Do primeiro “cash-out” com a Zip2, passando pela saída do PayPal, até as movimentações mais recentes envolvendo X e xAI, podemos enxergar um padrão de capital que se recicla e escala junto com a ambição de Musk.</p>



<p>Na pílula de hoje, conectamos dois pontos que normalmente são vistos separados: a evolução patrimonial do Musk, e os M&amp;As que marcaram cada fase dessa construção.</p>



<figure class="wp-block-image size-full"><img loading="lazy" decoding="async" width="1024" height="576" src="https://artica.capital/wp-content/uploads/2026/04/musk1.png" alt="-" class="wp-image-7713" srcset="https://artica.capital/wp-content/uploads/2026/04/musk1.png 1024w, https://artica.capital/wp-content/uploads/2026/04/musk1-300x169.png 300w, https://artica.capital/wp-content/uploads/2026/04/musk1-768x432.png 768w, https://artica.capital/wp-content/uploads/2026/04/musk1-18x10.png 18w" sizes="auto, (max-width: 1024px) 100vw, 1024px" /></figure>



<figure class="wp-block-image size-full"><img loading="lazy" decoding="async" width="1024" height="576" src="https://artica.capital/wp-content/uploads/2026/04/musk2.png" alt="-" class="wp-image-7714" srcset="https://artica.capital/wp-content/uploads/2026/04/musk2.png 1024w, https://artica.capital/wp-content/uploads/2026/04/musk2-300x169.png 300w, https://artica.capital/wp-content/uploads/2026/04/musk2-768x432.png 768w, https://artica.capital/wp-content/uploads/2026/04/musk2-18x10.png 18w" sizes="auto, (max-width: 1024px) 100vw, 1024px" /></figure>

<p>Quando observamos a trajetória patrimonial de Elon Musk, o que mais chama atenção, além do tamanho, é o ritmo. Ao invés de uma curva contínua, a história é marcada por saltos, em que um evento relevante abre espaço para a próxima fase de construção. Em vários desses momentos, M&amp;As e combinações corporativas aparecem como peça [&hellip;]</p>
