{"id":5554,"date":"2023-04-24T14:19:53","date_gmt":"2023-04-24T17:19:53","guid":{"rendered":"https:\/\/artica.capital\/clairfield-pilulas\/aumento-dos-casos-de-recuperacao-judicial-em-2023\/"},"modified":"2025-08-21T15:12:12","modified_gmt":"2025-08-21T18:12:12","slug":"aumento-dos-casos-de-recuperacao-judicial-em-2023","status":"publish","type":"pilulas","link":"https:\/\/artica.capital\/en\/clairfield-pilulas\/aumento-dos-casos-de-recuperacao-judicial-em-2023\/","title":{"rendered":"Increase in judicial recovery cases in 2023"},"content":{"rendered":"<p>2023 has been marked by a wave of judicial and extrajudicial recovery requests. Facing difficulties in honoring their obligations to creditors, many companies have sought this path for their financial restructuring. After two periods of significant declines, the number of judicial recovery requests increased again this year. In the 12-month period ending in February 2023, requests already totaled 906. The sector with the largest increase was industry, which grew 15% compared to the 12-month period ending in February 2022 \u2013 closely followed by commerce, which grew 14%.<\/p>\n\n\n\n<p>This year also saw some notable cases among restructuring requests\u2014such as Americanas, which opened the year with the announcement of its billion-dollar debt, and Grupo Petr\u00f3polis, owner of beer brands well-known to Brazilian consumers. In this post, we summarize some of these cases and highlight the main reasons companies resort to this type of plan.<\/p>\n\n\n\n\n<figure class=\"wp-block-image size-large\"><img loading=\"lazy\" decoding=\"async\" width=\"1048\" height=\"586\" src=\"\/wp-content\/uploads\/2025\/08\/aumento-dos-casos-de-recuperacao-judicial-em-2023-01.webp\" alt=\"-\" class=\"wp-image-5552\" srcset=\"https:\/\/artica.capital\/wp-content\/uploads\/2025\/08\/aumento-dos-casos-de-recuperacao-judicial-em-2023-01.webp 1048w, https:\/\/artica.capital\/wp-content\/uploads\/2025\/08\/aumento-dos-casos-de-recuperacao-judicial-em-2023-01-300x168.webp 300w, https:\/\/artica.capital\/wp-content\/uploads\/2025\/08\/aumento-dos-casos-de-recuperacao-judicial-em-2023-01-1024x573.webp 1024w, https:\/\/artica.capital\/wp-content\/uploads\/2025\/08\/aumento-dos-casos-de-recuperacao-judicial-em-2023-01-768x429.webp 768w, https:\/\/artica.capital\/wp-content\/uploads\/2025\/08\/aumento-dos-casos-de-recuperacao-judicial-em-2023-01-18x10.webp 18w\" sizes=\"auto, (max-width: 1048px) 100vw, 1048px\" \/><\/figure>\n\n\n\n\n\n<figure class=\"wp-block-image size-large\"><img loading=\"lazy\" decoding=\"async\" width=\"1047\" height=\"588\" src=\"\/wp-content\/uploads\/2025\/08\/aumento-dos-casos-de-recuperacao-judicial-em-2023-02.webp\" alt=\"-\" class=\"wp-image-5553\" srcset=\"https:\/\/artica.capital\/wp-content\/uploads\/2025\/08\/aumento-dos-casos-de-recuperacao-judicial-em-2023-02.webp 1047w, https:\/\/artica.capital\/wp-content\/uploads\/2025\/08\/aumento-dos-casos-de-recuperacao-judicial-em-2023-02-300x168.webp 300w, https:\/\/artica.capital\/wp-content\/uploads\/2025\/08\/aumento-dos-casos-de-recuperacao-judicial-em-2023-02-1024x575.webp 1024w, https:\/\/artica.capital\/wp-content\/uploads\/2025\/08\/aumento-dos-casos-de-recuperacao-judicial-em-2023-02-768x431.webp 768w, https:\/\/artica.capital\/wp-content\/uploads\/2025\/08\/aumento-dos-casos-de-recuperacao-judicial-em-2023-02-18x10.webp 18w\" sizes=\"auto, (max-width: 1047px) 100vw, 1047px\" \/><\/figure>","protected":false},"excerpt":{"rendered":"<p>2023 vem sendo marcado por uma onda de pedidos de recupera\u00e7\u00e3o judicial e extrajudicial. Enfrentando dificuldades para honrar as obriga\u00e7\u00f5es com credores, muitas empresas tem buscado esse caminho para sua reestrutura\u00e7\u00e3o financeira. Ap\u00f3s 2 per\u00edodos com quedas relevantes, o n\u00famero de requerimentos de recupera\u00e7\u00e3o judicial voltou a crescer nesse ano.<\/p>","protected":false},"author":1,"featured_media":5551,"template":"","meta":[],"class_list":["post-5554","pilulas","type-pilulas","status-publish","has-post-thumbnail","hentry"],"_links":{"self":[{"href":"https:\/\/artica.capital\/en\/wp-json\/wp\/v2\/pilulas\/5554","targetHints":{"allow":["GET"]}}],"collection":[{"href":"https:\/\/artica.capital\/en\/wp-json\/wp\/v2\/pilulas"}],"about":[{"href":"https:\/\/artica.capital\/en\/wp-json\/wp\/v2\/types\/pilulas"}],"author":[{"embeddable":true,"href":"https:\/\/artica.capital\/en\/wp-json\/wp\/v2\/users\/1"}],"wp:featuredmedia":[{"embeddable":true,"href":"https:\/\/artica.capital\/en\/wp-json\/wp\/v2\/media\/5551"}],"wp:attachment":[{"href":"https:\/\/artica.capital\/en\/wp-json\/wp\/v2\/media?parent=5554"}],"curies":[{"name":"wp","href":"https:\/\/api.w.org\/{rel}","templated":true}]}}

<p>2023 has been marked by a wave of judicial and extrajudicial recovery requests. Facing difficulties in honoring their obligations to creditors, many companies have sought this path for their financial restructuring. After two periods of significant declines, the number of judicial recovery requests increased again this year. In the 12-month period ending in February 2023, requests already totaled 906. The sector with the largest increase was industry, which grew 15% compared to the 12-month period ending in February 2022 – closely followed by commerce, which grew 14%.</p>



<p>This year also saw some notable cases among restructuring requests—such as Americanas, which opened the year with the announcement of its billion-dollar debt, and Grupo Petrópolis, owner of beer brands well-known to Brazilian consumers. In this post, we summarize some of these cases and highlight the main reasons companies resort to this type of plan.</p>




<figure class="wp-block-image size-large"><img loading="lazy" decoding="async" width="1048" height="586" src="/wp-content/uploads/2025/08/aumento-dos-casos-de-recuperacao-judicial-em-2023-01.webp" alt="-" class="wp-image-5552" srcset="https://artica.capital/wp-content/uploads/2025/08/aumento-dos-casos-de-recuperacao-judicial-em-2023-01.webp 1048w, https://artica.capital/wp-content/uploads/2025/08/aumento-dos-casos-de-recuperacao-judicial-em-2023-01-300x168.webp 300w, https://artica.capital/wp-content/uploads/2025/08/aumento-dos-casos-de-recuperacao-judicial-em-2023-01-1024x573.webp 1024w, https://artica.capital/wp-content/uploads/2025/08/aumento-dos-casos-de-recuperacao-judicial-em-2023-01-768x429.webp 768w, https://artica.capital/wp-content/uploads/2025/08/aumento-dos-casos-de-recuperacao-judicial-em-2023-01-18x10.webp 18w" sizes="auto, (max-width: 1048px) 100vw, 1048px" /></figure>





<figure class="wp-block-image size-large"><img loading="lazy" decoding="async" width="1047" height="588" src="/wp-content/uploads/2025/08/aumento-dos-casos-de-recuperacao-judicial-em-2023-02.webp" alt="-" class="wp-image-5553" srcset="https://artica.capital/wp-content/uploads/2025/08/aumento-dos-casos-de-recuperacao-judicial-em-2023-02.webp 1047w, https://artica.capital/wp-content/uploads/2025/08/aumento-dos-casos-de-recuperacao-judicial-em-2023-02-300x168.webp 300w, https://artica.capital/wp-content/uploads/2025/08/aumento-dos-casos-de-recuperacao-judicial-em-2023-02-1024x575.webp 1024w, https://artica.capital/wp-content/uploads/2025/08/aumento-dos-casos-de-recuperacao-judicial-em-2023-02-768x431.webp 768w, https://artica.capital/wp-content/uploads/2025/08/aumento-dos-casos-de-recuperacao-judicial-em-2023-02-18x10.webp 18w" sizes="auto, (max-width: 1047px) 100vw, 1047px" /></figure>

<p>2023 vem sendo marcado por uma onda de pedidos de recuperação judicial e extrajudicial. Enfrentando dificuldades para honrar as obrigações com credores, muitas empresas tem buscado esse caminho para sua reestruturação financeira. Após 2 períodos com quedas relevantes, o número de requerimentos de recuperação judicial voltou a crescer nesse ano.</p>
