{"id":5329,"date":"2022-10-06T11:14:08","date_gmt":"2022-10-06T14:14:08","guid":{"rendered":"https:\/\/artica.capital\/clairfield-pilulas\/o-que-e-preciso-para-gerar-crescimento-nas-empresas\/"},"modified":"2025-08-21T17:22:21","modified_gmt":"2025-08-21T20:22:21","slug":"o-que-e-preciso-para-gerar-crescimento-nas-empresas","status":"publish","type":"pilulas","link":"https:\/\/artica.capital\/en\/clairfield-pilulas\/o-que-e-preciso-para-gerar-crescimento-nas-empresas\/","title":{"rendered":"What does it take to generate growth in companies?"},"content":{"rendered":"<p>The current scenario is marked by rising inflation and an economic slowdown, making corporate growth increasingly challenging. Global stock markets are reflecting this scenario, such as the S&amp;P 500\u2014a benchmark for stocks traded on the NASDAQ and NYSE\u2014which has fallen 11,581 TP3T in the last 12 months.<\/p>\n\n\n\n<p>Despite this, looking more specifically at Brazil, we can see the recovery of the local economy. In 2021, the country saw the opening of approximately 4 million businesses, an increase of almost 20% compared to the previous year. In this sense, the private sector has been the main driver of Brazilian growth, both through household consumption and private investment. Therefore, Brazil becomes more dependent on corporate performance.<\/p>\n\n\n\n<p>But what will it take for corporate growth to be consistent and persistent? McKinsey conducted research to understand growth patterns and described ten &quot;rules&quot; that can guide corporate growth through value creation.<\/p>\n\n\n\n\n\n\n\n\n<figure class=\"wp-block-image size-large\"><img loading=\"lazy\" decoding=\"async\" width=\"1324\" height=\"687\" src=\"\/wp-content\/uploads\/2025\/08\/o-que-e-preciso-para-gerar-crescimento-nas-empresas-01.webp\" alt=\"-\" class=\"wp-image-5327\" srcset=\"https:\/\/artica.capital\/wp-content\/uploads\/2025\/08\/o-que-e-preciso-para-gerar-crescimento-nas-empresas-01.webp 1324w, https:\/\/artica.capital\/wp-content\/uploads\/2025\/08\/o-que-e-preciso-para-gerar-crescimento-nas-empresas-01-300x156.webp 300w, https:\/\/artica.capital\/wp-content\/uploads\/2025\/08\/o-que-e-preciso-para-gerar-crescimento-nas-empresas-01-1024x531.webp 1024w, https:\/\/artica.capital\/wp-content\/uploads\/2025\/08\/o-que-e-preciso-para-gerar-crescimento-nas-empresas-01-768x399.webp 768w, https:\/\/artica.capital\/wp-content\/uploads\/2025\/08\/o-que-e-preciso-para-gerar-crescimento-nas-empresas-01-18x9.webp 18w\" sizes=\"auto, (max-width: 1324px) 100vw, 1324px\" \/><\/figure>\n\n\n\n\n\n<figure class=\"wp-block-image size-large\"><img loading=\"lazy\" decoding=\"async\" width=\"1329\" height=\"695\" src=\"\/wp-content\/uploads\/2025\/08\/o-que-e-preciso-para-gerar-crescimento-nas-empresas-02.webp\" alt=\"-\" class=\"wp-image-5328\" srcset=\"https:\/\/artica.capital\/wp-content\/uploads\/2025\/08\/o-que-e-preciso-para-gerar-crescimento-nas-empresas-02.webp 1329w, https:\/\/artica.capital\/wp-content\/uploads\/2025\/08\/o-que-e-preciso-para-gerar-crescimento-nas-empresas-02-300x157.webp 300w, https:\/\/artica.capital\/wp-content\/uploads\/2025\/08\/o-que-e-preciso-para-gerar-crescimento-nas-empresas-02-1024x536.webp 1024w, https:\/\/artica.capital\/wp-content\/uploads\/2025\/08\/o-que-e-preciso-para-gerar-crescimento-nas-empresas-02-768x402.webp 768w, https:\/\/artica.capital\/wp-content\/uploads\/2025\/08\/o-que-e-preciso-para-gerar-crescimento-nas-empresas-02-18x9.webp 18w\" sizes=\"auto, (max-width: 1329px) 100vw, 1329px\" \/><\/figure>","protected":false},"excerpt":{"rendered":"<p>O cen\u00e1rio atual est\u00e1 marcado por infla\u00e7\u00e3o crescente e desacelera\u00e7\u00e3o econ\u00f4mica, de modo que o crescimento corporativo torna-se cada vez mais desafiador. As bolsas mundiais est\u00e3o refletindo este cen\u00e1rio, como o S&#038;P 500 \u2013indicador de desempenho de a\u00e7\u00f5es negociadas na NASDAQ e NYSE \u2013 que sofreu queda de 11,58% nos \u00faltimos 12 meses.<\/p>","protected":false},"author":1,"featured_media":5326,"template":"","meta":[],"class_list":["post-5329","pilulas","type-pilulas","status-publish","has-post-thumbnail","hentry"],"_links":{"self":[{"href":"https:\/\/artica.capital\/en\/wp-json\/wp\/v2\/pilulas\/5329","targetHints":{"allow":["GET"]}}],"collection":[{"href":"https:\/\/artica.capital\/en\/wp-json\/wp\/v2\/pilulas"}],"about":[{"href":"https:\/\/artica.capital\/en\/wp-json\/wp\/v2\/types\/pilulas"}],"author":[{"embeddable":true,"href":"https:\/\/artica.capital\/en\/wp-json\/wp\/v2\/users\/1"}],"wp:featuredmedia":[{"embeddable":true,"href":"https:\/\/artica.capital\/en\/wp-json\/wp\/v2\/media\/5326"}],"wp:attachment":[{"href":"https:\/\/artica.capital\/en\/wp-json\/wp\/v2\/media?parent=5329"}],"curies":[{"name":"wp","href":"https:\/\/api.w.org\/{rel}","templated":true}]}}

<p>O cenário atual está marcado por inflação crescente e desaceleração econômica, de modo que o crescimento corporativo torna-se cada vez mais desafiador. As bolsas mundiais estão refletindo este cenário, como o S&#038;P 500 –indicador de desempenho de ações negociadas na NASDAQ e NYSE – que sofreu queda de 11,58% nos últimos 12 meses.</p>
