{"id":5283,"date":"2022-09-27T16:30:45","date_gmt":"2022-09-27T19:30:45","guid":{"rendered":"https:\/\/artica.capital\/clairfield-pilulas\/times-de-nba-e-fundos-de-private-equity\/"},"modified":"2025-08-21T17:25:56","modified_gmt":"2025-08-21T20:25:56","slug":"times-de-nba-e-fundos-de-private-equity","status":"publish","type":"pilulas","link":"https:\/\/artica.capital\/en\/clairfield-pilulas\/times-de-nba-e-fundos-de-private-equity\/","title":{"rendered":"NBA Teams and Private Equity Funds"},"content":{"rendered":"<p>In 2019, Adam Silver initiated a movement to relax NBA teams&#039; ownership policies for institutional investors, primarily private equity (PE) firms. Prior to this, although nothing prevented affiliates of these private equity funds from making investments, the entities themselves were not permitted to make any investments. With this change, the growth equity potential contributed by these institutions proved crucial for the liquidity, financial diversification, and monetization of these teams\u2014which had an average valuation approaching $2 billion.<\/p>\n\n\n\n<p>In today&#039;s featurette, we capture a unique moment in which PE-affiliated teams compete in the NBA Finals while revisiting the key points to consider when attracting these investors, which were studied in detail in the 2020 study published by \u00c1rtica, &quot;Attracting Private Equity Investments \u2013 What is Most Valued by Managers.&quot; Check it out at the link:<\/p>\n\n\n\n\n<figure class=\"wp-block-image size-large\"><img loading=\"lazy\" decoding=\"async\" width=\"733\" height=\"414\" src=\"\/wp-content\/uploads\/2025\/08\/times-de-nba-e-fundos-de-private-equity-01.webp\" alt=\"-\" class=\"wp-image-5282\" srcset=\"https:\/\/artica.capital\/wp-content\/uploads\/2025\/08\/times-de-nba-e-fundos-de-private-equity-01.webp 733w, https:\/\/artica.capital\/wp-content\/uploads\/2025\/08\/times-de-nba-e-fundos-de-private-equity-01-300x169.webp 300w, https:\/\/artica.capital\/wp-content\/uploads\/2025\/08\/times-de-nba-e-fundos-de-private-equity-01-18x10.webp 18w\" sizes=\"auto, (max-width: 733px) 100vw, 733px\" \/><\/figure>","protected":false},"excerpt":{"rendered":"<p>Em 2019, Adam Silver iniciou o movimento de flexibiliza\u00e7\u00e3o na pol\u00edtica de ownership dos times da NBA para investidores institucionais, principalmente firmas de Private Equity (PE). Antes disso, apesar de nada impedir que afiliados a esses fundos de Private Equity fizessem aportes, as entidades em si n\u00e3o tinham permiss\u00e3o para realizar movimenta\u00e7\u00f5es. <\/p>","protected":false},"author":1,"featured_media":5281,"template":"","meta":[],"class_list":["post-5283","pilulas","type-pilulas","status-publish","has-post-thumbnail","hentry"],"_links":{"self":[{"href":"https:\/\/artica.capital\/en\/wp-json\/wp\/v2\/pilulas\/5283","targetHints":{"allow":["GET"]}}],"collection":[{"href":"https:\/\/artica.capital\/en\/wp-json\/wp\/v2\/pilulas"}],"about":[{"href":"https:\/\/artica.capital\/en\/wp-json\/wp\/v2\/types\/pilulas"}],"author":[{"embeddable":true,"href":"https:\/\/artica.capital\/en\/wp-json\/wp\/v2\/users\/1"}],"wp:featuredmedia":[{"embeddable":true,"href":"https:\/\/artica.capital\/en\/wp-json\/wp\/v2\/media\/5281"}],"wp:attachment":[{"href":"https:\/\/artica.capital\/en\/wp-json\/wp\/v2\/media?parent=5283"}],"curies":[{"name":"wp","href":"https:\/\/api.w.org\/{rel}","templated":true}]}}

<p>In 2019, Adam Silver initiated a movement to relax NBA teams&#039; ownership policies for institutional investors, primarily private equity (PE) firms. Prior to this, although nothing prevented affiliates of these private equity funds from making investments, the entities themselves were not permitted to make any investments. With this change, the growth equity potential contributed by these institutions proved crucial for the liquidity, financial diversification, and monetization of these teams—which had an average valuation approaching $2 billion.</p>



<p>In today&#039;s featurette, we capture a unique moment in which PE-affiliated teams compete in the NBA Finals while revisiting the key points to consider when attracting these investors, which were studied in detail in the 2020 study published by Ártica, &quot;Attracting Private Equity Investments – What is Most Valued by Managers.&quot; Check it out at the link:</p>




<figure class="wp-block-image size-large"><img loading="lazy" decoding="async" width="733" height="414" src="/wp-content/uploads/2025/08/times-de-nba-e-fundos-de-private-equity-01.webp" alt="-" class="wp-image-5282" srcset="https://artica.capital/wp-content/uploads/2025/08/times-de-nba-e-fundos-de-private-equity-01.webp 733w, https://artica.capital/wp-content/uploads/2025/08/times-de-nba-e-fundos-de-private-equity-01-300x169.webp 300w, https://artica.capital/wp-content/uploads/2025/08/times-de-nba-e-fundos-de-private-equity-01-18x10.webp 18w" sizes="auto, (max-width: 733px) 100vw, 733px" /></figure>

<p>Em 2019, Adam Silver iniciou o movimento de flexibilização na política de ownership dos times da NBA para investidores institucionais, principalmente firmas de Private Equity (PE). Antes disso, apesar de nada impedir que afiliados a esses fundos de Private Equity fizessem aportes, as entidades em si não tinham permissão para realizar movimentações. </p>
