{"id":5243,"date":"2023-07-28T13:04:22","date_gmt":"2023-07-28T16:04:22","guid":{"rendered":"https:\/\/artica.capital\/clairfield-pilulas\/os-mas-da-energia-como-que-as-mudancas-regulatorias-vem-impulsionado-o-setor\/"},"modified":"2025-08-21T15:06:11","modified_gmt":"2025-08-21T18:06:11","slug":"os-mas-da-energia-como-que-as-mudancas-regulatorias-vem-impulsionado-o-setor","status":"publish","type":"pilulas","link":"https:\/\/artica.capital\/en\/clairfield-pilulas\/os-mas-da-energia-como-que-as-mudancas-regulatorias-vem-impulsionado-o-setor\/","title":{"rendered":"Energy M&amp;As: How have regulatory changes been driving the sector?"},"content":{"rendered":"<p>The Free Contracting Environment (ACL), popularly known as the free energy market, allows consumers the freedom to negotiate their own electricity purchasing conditions, establishing direct contacts with generators and traders. This allows the end customer to choose who to buy energy from, eliminating the obligation to purchase from the local distributor (CPFL, Enel, Light, etc.). This autonomy brings with it enormous potential for achieving significant financial savings.<\/p>\n\n\n\n<p>Showing its importance to the country, this environment represented 36% of the total energy consumed and generated more than R$$ 40 billion in savings for consumers in 2022.<\/p>\n\n\n\n<p>In today&#039;s newsletter, we&#039;ll discuss the regulatory changes that have driven this market, as well as present recent transactions that seek to take advantage of the sector&#039;s advances.<\/p>\n\n\n\n\n<figure class=\"wp-block-image size-large\"><img loading=\"lazy\" decoding=\"async\" width=\"720\" height=\"720\" src=\"\/wp-content\/uploads\/2025\/08\/os-mas-da-energia-como-que-as-mudancas-regulatorias-vem-impulsionado-o-setor-01.webp\" alt=\"-\" class=\"wp-image-5240\" srcset=\"https:\/\/artica.capital\/wp-content\/uploads\/2025\/08\/os-mas-da-energia-como-que-as-mudancas-regulatorias-vem-impulsionado-o-setor-01.webp 720w, https:\/\/artica.capital\/wp-content\/uploads\/2025\/08\/os-mas-da-energia-como-que-as-mudancas-regulatorias-vem-impulsionado-o-setor-01-300x300.webp 300w, https:\/\/artica.capital\/wp-content\/uploads\/2025\/08\/os-mas-da-energia-como-que-as-mudancas-regulatorias-vem-impulsionado-o-setor-01-150x150.webp 150w, https:\/\/artica.capital\/wp-content\/uploads\/2025\/08\/os-mas-da-energia-como-que-as-mudancas-regulatorias-vem-impulsionado-o-setor-01-12x12.webp 12w\" sizes=\"auto, (max-width: 720px) 100vw, 720px\" \/><\/figure>\n\n\n\n\n\n<figure class=\"wp-block-image size-large\"><img loading=\"lazy\" decoding=\"async\" width=\"720\" height=\"720\" src=\"\/wp-content\/uploads\/2025\/08\/os-mas-da-energia-como-que-as-mudancas-regulatorias-vem-impulsionado-o-setor-02.webp\" alt=\"-\" class=\"wp-image-5241\" srcset=\"https:\/\/artica.capital\/wp-content\/uploads\/2025\/08\/os-mas-da-energia-como-que-as-mudancas-regulatorias-vem-impulsionado-o-setor-02.webp 720w, https:\/\/artica.capital\/wp-content\/uploads\/2025\/08\/os-mas-da-energia-como-que-as-mudancas-regulatorias-vem-impulsionado-o-setor-02-300x300.webp 300w, https:\/\/artica.capital\/wp-content\/uploads\/2025\/08\/os-mas-da-energia-como-que-as-mudancas-regulatorias-vem-impulsionado-o-setor-02-150x150.webp 150w, https:\/\/artica.capital\/wp-content\/uploads\/2025\/08\/os-mas-da-energia-como-que-as-mudancas-regulatorias-vem-impulsionado-o-setor-02-12x12.webp 12w\" sizes=\"auto, (max-width: 720px) 100vw, 720px\" \/><\/figure>\n\n\n\n\n\n<figure class=\"wp-block-image size-large\"><img loading=\"lazy\" decoding=\"async\" width=\"720\" height=\"720\" src=\"\/wp-content\/uploads\/2025\/08\/os-mas-da-energia-como-que-as-mudancas-regulatorias-vem-impulsionado-o-setor-03.webp\" alt=\"-\" class=\"wp-image-5242\" srcset=\"https:\/\/artica.capital\/wp-content\/uploads\/2025\/08\/os-mas-da-energia-como-que-as-mudancas-regulatorias-vem-impulsionado-o-setor-03.webp 720w, https:\/\/artica.capital\/wp-content\/uploads\/2025\/08\/os-mas-da-energia-como-que-as-mudancas-regulatorias-vem-impulsionado-o-setor-03-300x300.webp 300w, https:\/\/artica.capital\/wp-content\/uploads\/2025\/08\/os-mas-da-energia-como-que-as-mudancas-regulatorias-vem-impulsionado-o-setor-03-150x150.webp 150w, https:\/\/artica.capital\/wp-content\/uploads\/2025\/08\/os-mas-da-energia-como-que-as-mudancas-regulatorias-vem-impulsionado-o-setor-03-12x12.webp 12w\" sizes=\"auto, (max-width: 720px) 100vw, 720px\" \/><\/figure>","protected":false},"excerpt":{"rendered":"<p>O Ambiente de Contrata\u00e7\u00e3o Livre (ACL), popularmente conhecido como mercado livre de energia, possibilita que seus consumidores tenham a liberdade de negociar suas pr\u00f3prias condi\u00e7\u00f5es de compra de energia el\u00e9trica, estabelecendo contatos diretos com geradores e comercializadoras.<\/p>","protected":false},"author":1,"featured_media":5239,"template":"","meta":[],"class_list":["post-5243","pilulas","type-pilulas","status-publish","has-post-thumbnail","hentry"],"_links":{"self":[{"href":"https:\/\/artica.capital\/en\/wp-json\/wp\/v2\/pilulas\/5243","targetHints":{"allow":["GET"]}}],"collection":[{"href":"https:\/\/artica.capital\/en\/wp-json\/wp\/v2\/pilulas"}],"about":[{"href":"https:\/\/artica.capital\/en\/wp-json\/wp\/v2\/types\/pilulas"}],"author":[{"embeddable":true,"href":"https:\/\/artica.capital\/en\/wp-json\/wp\/v2\/users\/1"}],"wp:featuredmedia":[{"embeddable":true,"href":"https:\/\/artica.capital\/en\/wp-json\/wp\/v2\/media\/5239"}],"wp:attachment":[{"href":"https:\/\/artica.capital\/en\/wp-json\/wp\/v2\/media?parent=5243"}],"curies":[{"name":"wp","href":"https:\/\/api.w.org\/{rel}","templated":true}]}}

<p>O Ambiente de Contratação Livre (ACL), popularmente conhecido como mercado livre de energia, possibilita que seus consumidores tenham a liberdade de negociar suas próprias condições de compra de energia elétrica, estabelecendo contatos diretos com geradores e comercializadoras.</p>
