{"id":5009,"date":"2024-09-17T14:12:15","date_gmt":"2024-09-17T17:12:15","guid":{"rendered":"https:\/\/artica.capital\/clairfield-pilulas\/o-mercado-de-producao-de-aeronaves-o-caso-da-embraer\/"},"modified":"2025-08-21T14:48:01","modified_gmt":"2025-08-21T17:48:01","slug":"o-mercado-de-producao-de-aeronaves-o-caso-da-embraer","status":"publish","type":"pilulas","link":"https:\/\/artica.capital\/en\/clairfield-pilulas\/o-mercado-de-producao-de-aeronaves-o-caso-da-embraer\/","title":{"rendered":"The aircraft production market: the case of Embraer"},"content":{"rendered":"<p>The aircraft manufacturing market is a highly competitive sector, dominated by major global players. Among the companies that stand out in this sector, Embraer, headquartered in Brazil, plays a key role. Founded in 1969 as a state-owned company, Embraer is one of the largest aircraft manufacturers in the world, having undergone a privatization process and an initial public offering.<\/p>\n\n\n\n<p>The company has recently expanded its business verticals, serving everything from executive aviation to military aviation. However, the Services\/Support and Executive Aviation units posted Embraer&#039;s best margins in 2024.<\/p>\n\n\n\n<p>Combined with the increase in aircraft deliveries, this growth resulted in positive coverage from investment banks, which generated a significant appreciation of its shares and placed it as one of the leaders of the Ibovespa.<\/p>\n\n\n\n\n<figure class=\"wp-block-image size-large\"><img loading=\"lazy\" decoding=\"async\" width=\"1500\" height=\"1500\" src=\"\/wp-content\/uploads\/2025\/08\/o-mercado-de-producao-de-aeronaves-o-caso-da-embraer-01.webp\" alt=\"-\" class=\"wp-image-5005\" srcset=\"https:\/\/artica.capital\/wp-content\/uploads\/2025\/08\/o-mercado-de-producao-de-aeronaves-o-caso-da-embraer-01.webp 1500w, https:\/\/artica.capital\/wp-content\/uploads\/2025\/08\/o-mercado-de-producao-de-aeronaves-o-caso-da-embraer-01-300x300.webp 300w, https:\/\/artica.capital\/wp-content\/uploads\/2025\/08\/o-mercado-de-producao-de-aeronaves-o-caso-da-embraer-01-1024x1024.webp 1024w, https:\/\/artica.capital\/wp-content\/uploads\/2025\/08\/o-mercado-de-producao-de-aeronaves-o-caso-da-embraer-01-150x150.webp 150w, https:\/\/artica.capital\/wp-content\/uploads\/2025\/08\/o-mercado-de-producao-de-aeronaves-o-caso-da-embraer-01-768x768.webp 768w, https:\/\/artica.capital\/wp-content\/uploads\/2025\/08\/o-mercado-de-producao-de-aeronaves-o-caso-da-embraer-01-12x12.webp 12w\" sizes=\"auto, (max-width: 1500px) 100vw, 1500px\" \/><\/figure>\n\n\n\n\n\n<figure class=\"wp-block-image size-large\"><img loading=\"lazy\" decoding=\"async\" width=\"1500\" height=\"1500\" src=\"\/wp-content\/uploads\/2025\/08\/o-mercado-de-producao-de-aeronaves-o-caso-da-embraer-02.webp\" alt=\"-\" class=\"wp-image-5006\" srcset=\"https:\/\/artica.capital\/wp-content\/uploads\/2025\/08\/o-mercado-de-producao-de-aeronaves-o-caso-da-embraer-02.webp 1500w, https:\/\/artica.capital\/wp-content\/uploads\/2025\/08\/o-mercado-de-producao-de-aeronaves-o-caso-da-embraer-02-300x300.webp 300w, https:\/\/artica.capital\/wp-content\/uploads\/2025\/08\/o-mercado-de-producao-de-aeronaves-o-caso-da-embraer-02-1024x1024.webp 1024w, https:\/\/artica.capital\/wp-content\/uploads\/2025\/08\/o-mercado-de-producao-de-aeronaves-o-caso-da-embraer-02-150x150.webp 150w, https:\/\/artica.capital\/wp-content\/uploads\/2025\/08\/o-mercado-de-producao-de-aeronaves-o-caso-da-embraer-02-768x768.webp 768w, https:\/\/artica.capital\/wp-content\/uploads\/2025\/08\/o-mercado-de-producao-de-aeronaves-o-caso-da-embraer-02-12x12.webp 12w\" sizes=\"auto, (max-width: 1500px) 100vw, 1500px\" \/><\/figure>\n\n\n\n\n\n<figure class=\"wp-block-image size-large\"><img loading=\"lazy\" decoding=\"async\" width=\"1500\" height=\"1500\" src=\"\/wp-content\/uploads\/2025\/08\/o-mercado-de-producao-de-aeronaves-o-caso-da-embraer-03.webp\" alt=\"-\" class=\"wp-image-5007\" srcset=\"https:\/\/artica.capital\/wp-content\/uploads\/2025\/08\/o-mercado-de-producao-de-aeronaves-o-caso-da-embraer-03.webp 1500w, https:\/\/artica.capital\/wp-content\/uploads\/2025\/08\/o-mercado-de-producao-de-aeronaves-o-caso-da-embraer-03-300x300.webp 300w, https:\/\/artica.capital\/wp-content\/uploads\/2025\/08\/o-mercado-de-producao-de-aeronaves-o-caso-da-embraer-03-1024x1024.webp 1024w, https:\/\/artica.capital\/wp-content\/uploads\/2025\/08\/o-mercado-de-producao-de-aeronaves-o-caso-da-embraer-03-150x150.webp 150w, https:\/\/artica.capital\/wp-content\/uploads\/2025\/08\/o-mercado-de-producao-de-aeronaves-o-caso-da-embraer-03-768x768.webp 768w, https:\/\/artica.capital\/wp-content\/uploads\/2025\/08\/o-mercado-de-producao-de-aeronaves-o-caso-da-embraer-03-12x12.webp 12w\" sizes=\"auto, (max-width: 1500px) 100vw, 1500px\" \/><\/figure>\n\n\n\n\n\n<figure class=\"wp-block-image size-large\"><img loading=\"lazy\" decoding=\"async\" width=\"1500\" height=\"1500\" src=\"\/wp-content\/uploads\/2025\/08\/o-mercado-de-producao-de-aeronaves-o-caso-da-embraer-04.webp\" alt=\"-\" class=\"wp-image-5008\" srcset=\"https:\/\/artica.capital\/wp-content\/uploads\/2025\/08\/o-mercado-de-producao-de-aeronaves-o-caso-da-embraer-04.webp 1500w, https:\/\/artica.capital\/wp-content\/uploads\/2025\/08\/o-mercado-de-producao-de-aeronaves-o-caso-da-embraer-04-300x300.webp 300w, https:\/\/artica.capital\/wp-content\/uploads\/2025\/08\/o-mercado-de-producao-de-aeronaves-o-caso-da-embraer-04-1024x1024.webp 1024w, https:\/\/artica.capital\/wp-content\/uploads\/2025\/08\/o-mercado-de-producao-de-aeronaves-o-caso-da-embraer-04-150x150.webp 150w, https:\/\/artica.capital\/wp-content\/uploads\/2025\/08\/o-mercado-de-producao-de-aeronaves-o-caso-da-embraer-04-768x768.webp 768w, https:\/\/artica.capital\/wp-content\/uploads\/2025\/08\/o-mercado-de-producao-de-aeronaves-o-caso-da-embraer-04-12x12.webp 12w\" sizes=\"auto, (max-width: 1500px) 100vw, 1500px\" \/><\/figure>","protected":false},"excerpt":{"rendered":"<p>O mercado de produ\u00e7\u00e3o de aeronaves \u00e9 um setor altamente competitivo, sendo dominado por grandes players globais. Entre as empresas que se destacam nesse setor, a Embraer, com sede no Brasil, ocupa um papel de grande relev\u00e2ncia.<\/p>","protected":false},"author":1,"featured_media":5004,"template":"","meta":[],"class_list":["post-5009","pilulas","type-pilulas","status-publish","has-post-thumbnail","hentry"],"_links":{"self":[{"href":"https:\/\/artica.capital\/en\/wp-json\/wp\/v2\/pilulas\/5009","targetHints":{"allow":["GET"]}}],"collection":[{"href":"https:\/\/artica.capital\/en\/wp-json\/wp\/v2\/pilulas"}],"about":[{"href":"https:\/\/artica.capital\/en\/wp-json\/wp\/v2\/types\/pilulas"}],"author":[{"embeddable":true,"href":"https:\/\/artica.capital\/en\/wp-json\/wp\/v2\/users\/1"}],"wp:featuredmedia":[{"embeddable":true,"href":"https:\/\/artica.capital\/en\/wp-json\/wp\/v2\/media\/5004"}],"wp:attachment":[{"href":"https:\/\/artica.capital\/en\/wp-json\/wp\/v2\/media?parent=5009"}],"curies":[{"name":"wp","href":"https:\/\/api.w.org\/{rel}","templated":true}]}}

<p>O mercado de produção de aeronaves é um setor altamente competitivo, sendo dominado por grandes players globais. Entre as empresas que se destacam nesse setor, a Embraer, com sede no Brasil, ocupa um papel de grande relevância.</p>
