{"id":4873,"date":"2025-07-03T16:35:55","date_gmt":"2025-07-03T19:35:55","guid":{"rendered":"https:\/\/artica.capital\/clairfield-pilulas\/ipos-em-seca-o-verdadeiro-gargalo-pode-ser-o-tamanho-da-vitrine\/"},"modified":"2025-08-21T14:31:41","modified_gmt":"2025-08-21T17:31:41","slug":"ipos-em-seca-o-verdadeiro-gargalo-pode-ser-o-tamanho-da-vitrine","status":"publish","type":"pilulas","link":"https:\/\/artica.capital\/en\/clairfield-pilulas\/ipos-em-seca-o-verdadeiro-gargalo-pode-ser-o-tamanho-da-vitrine\/","title":{"rendered":"IPOs in a drought? The real bottleneck may be the size of the showcase"},"content":{"rendered":"<p>Even with Brazil&#039;s GDP in dollars tripling over the last 20 years, the number of companies listed on the B3 has remained practically stagnant.<\/p>\n\n\n\n<p>Furthermore, the stock market has become more concentrated in high-capitalization companies. Average capitalization per company has grown by 2,521 TP3T since 2005, well above the accumulated inflation rate over the period (1,801 TP3T of the IPCA).<\/p>\n\n\n\n<p>When we analyze the current universe of listed companies, less than half of publicly traded firms are actually investable for most institutional managers.<\/p>\n\n\n\n<p>This limited universe\u2014restricted to large market capitalizations\u2014opens space for platforms geared toward small and medium-sized businesses. In today&#039;s bullet, we explore this topic and list initiatives, in Brazil and abroad, that seek to capture this window of opportunity.<\/p>\n\n\n\n\n<figure class=\"wp-block-image size-large\"><img loading=\"lazy\" decoding=\"async\" width=\"961\" height=\"540\" src=\"\/wp-content\/uploads\/2025\/08\/ipos-em-seca-o-verdadeiro-gargalo-pode-ser-o-tamanho-da-vitrine-01.webp\" alt=\"-\" class=\"wp-image-4870\" srcset=\"https:\/\/artica.capital\/wp-content\/uploads\/2025\/08\/ipos-em-seca-o-verdadeiro-gargalo-pode-ser-o-tamanho-da-vitrine-01.webp 961w, https:\/\/artica.capital\/wp-content\/uploads\/2025\/08\/ipos-em-seca-o-verdadeiro-gargalo-pode-ser-o-tamanho-da-vitrine-01-300x169.webp 300w, https:\/\/artica.capital\/wp-content\/uploads\/2025\/08\/ipos-em-seca-o-verdadeiro-gargalo-pode-ser-o-tamanho-da-vitrine-01-768x432.webp 768w, https:\/\/artica.capital\/wp-content\/uploads\/2025\/08\/ipos-em-seca-o-verdadeiro-gargalo-pode-ser-o-tamanho-da-vitrine-01-18x10.webp 18w\" sizes=\"auto, (max-width: 961px) 100vw, 961px\" \/><\/figure>\n\n\n\n\n\n<figure class=\"wp-block-image size-large\"><img loading=\"lazy\" decoding=\"async\" width=\"951\" height=\"543\" src=\"\/wp-content\/uploads\/2025\/08\/ipos-em-seca-o-verdadeiro-gargalo-pode-ser-o-tamanho-da-vitrine-02.webp\" alt=\"-\" class=\"wp-image-4871\" srcset=\"https:\/\/artica.capital\/wp-content\/uploads\/2025\/08\/ipos-em-seca-o-verdadeiro-gargalo-pode-ser-o-tamanho-da-vitrine-02.webp 951w, https:\/\/artica.capital\/wp-content\/uploads\/2025\/08\/ipos-em-seca-o-verdadeiro-gargalo-pode-ser-o-tamanho-da-vitrine-02-300x171.webp 300w, https:\/\/artica.capital\/wp-content\/uploads\/2025\/08\/ipos-em-seca-o-verdadeiro-gargalo-pode-ser-o-tamanho-da-vitrine-02-768x439.webp 768w, https:\/\/artica.capital\/wp-content\/uploads\/2025\/08\/ipos-em-seca-o-verdadeiro-gargalo-pode-ser-o-tamanho-da-vitrine-02-18x10.webp 18w\" sizes=\"auto, (max-width: 951px) 100vw, 951px\" \/><\/figure>\n\n\n\n\n\n<figure class=\"wp-block-image size-large\"><img loading=\"lazy\" decoding=\"async\" width=\"956\" height=\"545\" src=\"\/wp-content\/uploads\/2025\/08\/ipos-em-seca-o-verdadeiro-gargalo-pode-ser-o-tamanho-da-vitrine-03.webp\" alt=\"-\" class=\"wp-image-4872\" srcset=\"https:\/\/artica.capital\/wp-content\/uploads\/2025\/08\/ipos-em-seca-o-verdadeiro-gargalo-pode-ser-o-tamanho-da-vitrine-03.webp 956w, https:\/\/artica.capital\/wp-content\/uploads\/2025\/08\/ipos-em-seca-o-verdadeiro-gargalo-pode-ser-o-tamanho-da-vitrine-03-300x171.webp 300w, https:\/\/artica.capital\/wp-content\/uploads\/2025\/08\/ipos-em-seca-o-verdadeiro-gargalo-pode-ser-o-tamanho-da-vitrine-03-768x438.webp 768w, https:\/\/artica.capital\/wp-content\/uploads\/2025\/08\/ipos-em-seca-o-verdadeiro-gargalo-pode-ser-o-tamanho-da-vitrine-03-18x10.webp 18w\" sizes=\"auto, (max-width: 956px) 100vw, 956px\" \/><\/figure>","protected":false},"excerpt":{"rendered":"<p>Even with Brazil&#039;s GDP in dollars tripling over the last 20 years, the number of companies listed on the B3 has remained practically stagnant.<br \/>\nAl\u00e9m disso, a bolsa tornou-se mais concentrada em empresas de alta capitaliza\u00e7\u00e3o de mercado.<\/p>","protected":false},"author":1,"featured_media":4869,"template":"","meta":[],"class_list":["post-4873","pilulas","type-pilulas","status-publish","has-post-thumbnail","hentry"],"_links":{"self":[{"href":"https:\/\/artica.capital\/en\/wp-json\/wp\/v2\/pilulas\/4873","targetHints":{"allow":["GET"]}}],"collection":[{"href":"https:\/\/artica.capital\/en\/wp-json\/wp\/v2\/pilulas"}],"about":[{"href":"https:\/\/artica.capital\/en\/wp-json\/wp\/v2\/types\/pilulas"}],"author":[{"embeddable":true,"href":"https:\/\/artica.capital\/en\/wp-json\/wp\/v2\/users\/1"}],"wp:featuredmedia":[{"embeddable":true,"href":"https:\/\/artica.capital\/en\/wp-json\/wp\/v2\/media\/4869"}],"wp:attachment":[{"href":"https:\/\/artica.capital\/en\/wp-json\/wp\/v2\/media?parent=4873"}],"curies":[{"name":"wp","href":"https:\/\/api.w.org\/{rel}","templated":true}]}}

<p>Even with Brazil&#039;s GDP in dollars tripling over the last 20 years, the number of companies listed on the B3 has remained practically stagnant.<br />
Além disso, a bolsa tornou-se mais concentrada em empresas de alta capitalização de mercado.</p>
